rue
Is 451320 a multiple of 40?
True
Is 11 a factor of 501135?
False
Is 83 a factor of 83415?
True
Is 6681912 a multiple of 200?
False
Does 9 divide 3674267?
False
Does 282 divide 176250?
True
Is 786 a factor of 14687196?
True
Is 202 a factor of 449582?
False
Is 3281983 a multiple of 2?
False
Is 2658760 a multiple of 40?
True
Is 6028 a multiple of 2?
True
Does 117 divide 1463787?
True
Is 468971 a multiple of 130?
False
Is 14 a factor of 200510?
False
Does 11 divide 2129875?
True
Is 2045958 a multiple of 274?
True
Is 27 a factor of 175257?
True
Is 514016 a multiple of 4?
True
Is 1265048 a multiple of 39?
False
Is 400653 a multiple of 231?
False
Is 111 a factor of 2296398?
False
Does 11 divide 15136?
True
Is 265 a factor of 1020346?
False
Is 910350 a multiple of 255?
True
Is 14 a factor of 95732?
True
Is 38935 a multiple of 13?
True
Is 1187 a factor of 7715771?
False
Is 6510333 a multiple of 687?
False
Does 84 divide 591528?
True
Is 172995 a multiple of 285?
True
Is 259316 a multiple of 63?
False
Is 64513 a multiple of 111?
False
Is 298 a factor of 1235643?
False
Does 337 divide 708887?
False
Is 120 a factor of 4852355?
False
Does 101 divide 6161?
True
Does 6 divide 14437919?
False
Is 19 a factor of 1533529?
False
Is 7151450 a multiple of 1445?
False
Is 78002 a multiple of 7?
False
Does 68 divide 3629978?
False
Is 12 a factor of 579609?
False
Is 20 a factor of 185632?
False
Is 33 a factor of 39449?
False
Is 363 a factor of 130200?
False
Does 28 divide 1151808?
True
Does 82 divide 157605?
False
Is 6 a factor of 5419445?
False
Is 74979 a multiple of 9?
True
Is 106167 a multiple of 32?
False
Is 776 a factor of 159712?
False
Is 15 a factor of 203910?
True
Does 51 divide 1947938?
False
Is 97427 a multiple of 17?
True
Does 176 divide 42592?
True
Is 34 a factor of 9281014?
True
Does 8 divide 22283?
False
Is 440610 a multiple of 285?
True
Is 119 a factor of 3473967?
True
Does 154 divide 505120?
True
Is 58 a factor of 2161834?
True
Does 13 divide 7371?
True
Is 43 a factor of 5773567?
True
Is 1413396 a multiple of 9?
True
Does 47 divide 3211916?
False
Is 566 a factor of 3651261?
False
Does 100 divide 32700?
True
Does 6 divide 1151036?
False
Is 130997 a multiple of 105?
False
Does 2 divide 22056?
True
Is 22958 even?
True
Is 359490 a multiple of 88?
False
Does 25 divide 896140?
False
Is 260 a factor of 49142?
False
Is 158 a factor of 275305?
False
Does 47 divide 155078?
False
Is 115956 a multiple of 15?
False
Does 9 divide 1446399?
True
Is 13 a factor of 2675136?
False
Is 21546 a multiple of 21?
True
Is 23724 a multiple of 68?
False
Is 574 a factor of 2718552?
False
Is 9 a factor of 5045232?
False
Does 10 divide 5395961?
False
Is 8 a factor of 109616?
True
Is 224620 a multiple of 13?
False
Does 294 divide 750251?
False
Is 593 a factor of 2417065?
False
Does 11 divide 34094?
False
Does 24 divide 16877533?
False
Is 19 a factor of 3522828?
True
Is 151920 a multiple of 31?
False
Is 4 a factor of 69776?
True
Is 1625142 a multiple of 6?
True
Does 9 divide 184459?
False
Is 3187806 a multiple of 6?
True
Is 1119786 a multiple of 6?
True
Is 16 a factor of 69387?
False
Does 10 divide 307834?
False
Does 132 divide 2798136?
True
Does 27 divide 10559079?
True
Does 44 divide 661496?
True
Does 181 divide 652517?
False
Is 772181 a multiple of 369?
False
Does 1141 divide 8855301?
True
Does 53 divide 13616013?
False
Is 206979 a multiple of 3?
True
Does 30 divide 5030?
False
Is 2369310 a multiple of 3?
True
Does 66 divide 232980?
True
Does 56 divide 367472?
True
Does 24 divide 3695285?
False
Does 153 divide 60171?
False
Does 63 divide 1405467?
True
Is 73150 a multiple of 70?
True
Is 23 a factor of 52874?
False
Does 335 divide 1254240?
True
Is 61244 a multiple of 63?
False
Does 496 divide 2266983?
False
Does 15 divide 269235?
True
Does 327 divide 2362645?
False
Does 4 divide 376669?
False
Does 320 divide 7751615?
False
Is 6 a factor of 6288863?
False
Does 67 divide 723332?
True
Does 281 divide 91850?
False
Is 100 a factor of 229400?
True
Does 65 divide 2753790?
True
Is 287424 a multiple of 72?
True
Is 58 a factor of 101840?
False
Is 19 a factor of 127521?
False
Does 353 divide 426424?
True
Is 1274505 a multiple of 5?
True
Is 36 a factor of 1137388?
False
Is 3207751 a multiple of 126?
False
Is 242411 even?
False
Does 638 divide 56144?
True
Is 156 a factor of 1237165?
False
Is 4333915 a multiple of 39?
False
Does 255 divide 880515?
True
Does 15 divide 211620?
True
Is 44720 a multiple of 16?
True
Is 187 a factor of 6923301?
True
Is 162316 a multiple of 374?
True
Is 271 a factor of 2972740?
False
Is 20 a factor of 875100?
True
Is 23 a factor of 5503003?
True
Is 20542872 a multiple of 77?
False
Does 89 divide 216789?
False
Is 96 a factor of 45984?
True
Is 13335 a multiple of 127?
True
Is 26 a factor of 15856?
False
Is 90747 a multiple of 20?
False
Is 19770450 a multiple of 1503?
False
Is 13 a factor of 194456?
False
Is 107629 a multiple of 13?
False
Is 3 a factor of 30426?
True
Does 441 divide 4136503?
False
Is 220159 a multiple of 137?
True
Is 15572 a multiple of 34?
True
Does 85 divide 104338?
False
Does 97 divide 138807?
True
Is 82 a factor of 1294780?
True
Is 269420 a multiple of 105?
False
Is 107 a factor of 904364?
True
Is 23 a factor of 132278?
False
Is 18 a factor of 60049?
False
Does 1311 divide 9186177?
True
Is 92496 a multiple of 4?
True
Is 746768 a multiple of 22?
True
Is 13 a factor of 14611571?
True
Is 5 a factor of 879168?
False
Is 2167228 a multiple of 238?
True
Is 61058 a multiple of 100?
False
Is 36 a factor of 490032?
True
Is 3267088 a multiple of 209?
True
Does 58 divide 1242070?
True
Is 19 a factor of 9435348?
False
Does 15 divide 1607878?
False
Is 19 a factor of 1023045?
False
Does 25 divide 73700?
True
Is 1418834 a multiple of 298?
False
Is 27850 a multiple of 50?
True
Is 4 a factor of 269?
False
Is 45488 a multiple of 16?
True
Is 272907 a multiple of 43?
False
Is 84 a factor of 726692?
False
Is 673 a factor of 7826404?
False
Is 2148795 a multiple of 495?
True
Is 176 a factor of 131648?
True
Does 6 divide 534918?
True
Is 15 a factor of 1094098?
False
Is 337433 a multiple of 271?
False
Is 1042 a factor of 1297196?
False
Does 25 divide 1850625?
True
Is 1029 a factor of 11252999?
False
Is 111 a factor of 24585390?
True
Is 1219 a factor of 4489577?
True
Does 267 divide 456795?
False
Is 3571634 a multiple of 341?
True
Does 67 divide 74590?
False
Is 6012594 a multiple of 238?
True
Is 8 a factor of 481751?
False
Is 3933 even?
False
Is 1566 a factor of 10705176?
True
Is 10218725 a multiple of 17?
False
Is 1748 a multiple of 23?
True
Is 1243242 a multiple of 1001?
True
Is 48 a factor of 8674458?
False
Is 1028044 a multiple of 6?
False
Is 155 a factor of 1701745?
True
Is 1476 a factor of 6717276?
True
Is 1945980 a multiple of 228?
True
Does 215 divide 19565?
True
Does 7 divide 225386?
True
Is 8 a factor of 4861440?
True
Is 10 a factor of 619220?
True
Does 842 divide 3386524?
True
Is 708617 a multiple of 313?
False
Does 45 divide 732467?
False
Is 294750 a multiple of 786?
True
Is 2057099 a multiple of 171?
False
Does 747 divide 2877551?
False
Is 388938 a multiple of 142?
True
Is 167409 a multiple of 19?
True
Is 10 a factor of 78484?
False
Does 19 divide 840405?
False
Is 5 a factor of 146?
False
Is 628813 a multiple of 306?
False
Does 353 divide 1201194?
False
Is 7 a factor of 129897?
False
Is 22 a factor of 38159?
False
Does 3 divide 266558?
False
Does 36 divide 47232?
True
Is 37632 a multiple of 32?
True
Is 87 a factor of 491273?
False
Does 5 divide 10815?
True
Is 61094 a multiple of 20?
False
Is 630467 a multiple of 265?
False
Is 242064 a multiple of 162?
False
Is 19 a factor of 627950?
True
Is 293 a factor of 148407?
False
Does 8 divide 45269?
False
Does 28 divide 86306?
False
Is 1059384 a multiple of 17?
False
Does 666 divide 327006?
True
Is 16 a factor of 1673232?
True
Is 5 a factor of 455388?
False
Is 1072913 a multiple of 138?
False
Is 139468 a multiple of 14?
True
Is 12 a factor of 1325652?
True
Is 1052014 a multiple of 28?
False
Is 379517 a multiple of 42?
False
Does 106 divide 145530?
False
Is 793 a factor of 6383121?
False
Does 227 divide 5232804?
True
Is 1794 a factor of 14446371?
False
Does 7 divide 79674?
True
Does 250 divide 29500?
True
Is 281350 a mu